{"id":1150,"date":"2023-01-27T15:11:51","date_gmt":"2023-01-27T18:11:51","guid":{"rendered":"https:\/\/isfd72-bue.infd.edu.ar\/sitio\/?page_id=1150"},"modified":"2025-04-04T20:33:08","modified_gmt":"2025-04-04T23:33:08","slug":"profesorado-de-educacion-primaria","status":"publish","type":"page","link":"https:\/\/isfd72-bue.infd.edu.ar\/sitio\/carreras\/profesorado-de-educacion-primaria\/","title":{"rendered":"Profesorado de Educaci\u00f3n Primaria"},"content":{"rendered":"\n<p class=\"has-base-3-color has-accent-background-color has-text-color has-background has-medium-font-size\"><strong>Este profesorado constituye nuestra carrera de base y abre su inscripci\u00f3n todos los a\u00f1os.<\/strong><\/p>\n\n\n\n<div class=\"wp-block-columns has-contrast-color has-text-color is-layout-flex wp-container-5\">\n<div class=\"wp-block-column is-vertically-aligned-bottom is-layout-flow\" style=\"flex-basis:100%\">\n<div class=\"wp-block-columns are-vertically-aligned-center is-layout-flex wp-container-3\">\n<div class=\"wp-block-column is-layout-flow\" style=\"flex-basis:55%\">\n<figure class=\"wp-block-image is-resized\"><img decoding=\"async\" src=\"https:\/\/isfd72-bue.infd.edu.ar\/sitio\/wp-content\/uploads\/2023\/01\/278984821_5435570056461658_6331444928368673207_n-1.jpg\" alt=\"\" class=\"wp-image-1153\" width=\"520\"\/><\/figure>\n<\/div>\n\n\n\n<div class=\"wp-block-column is-layout-flow\" style=\"flex-basis:35%\">\n<blockquote class=\"wp-block-quote has-medium-font-size\">\n<p class=\"has-medium-font-size\">En 2025 el Profesorado de Educaci\u00f3n Primaria cumplir\u00e1 40 a\u00f1os dict\u00e1ndose en nuestro Instituto.<\/p>\n<\/blockquote>\n<\/div>\n<\/div>\n<\/div>\n<\/div>\n\n\n\n<h2 class=\"wp-block-heading has-contrast-color has-contrast-3-background-color has-text-color has-background has-small-font-size\">PLAN DE ESTUDIOS CON R\u00c9GIMEN DE CORRELATIVIDADES:<\/h2>\n\n\n\n<div class=\"wp-block-file\"><object class=\"wp-block-file__embed\" data=\"https:\/\/isfd72-bue.infd.edu.ar\/sitio\/wp-content\/uploads\/2023\/01\/Primaria.pdf\" type=\"application\/pdf\" style=\"width:100%;height:600px\" aria-label=\"Incrustado de Primaria.\"><\/object><a id=\"wp-block-file--media-bd94c07b-29fa-4e7b-ab3a-46038c617167\" href=\"https:\/\/isfd72-bue.infd.edu.ar\/sitio\/wp-content\/uploads\/2023\/01\/Primaria.pdf\">Primaria<\/a><a href=\"https:\/\/isfd72-bue.infd.edu.ar\/sitio\/wp-content\/uploads\/2023\/01\/Primaria.pdf\" class=\"wp-block-file__button wp-element-button\" download aria-describedby=\"wp-block-file--media-bd94c07b-29fa-4e7b-ab3a-46038c617167\">Descarga<\/a><\/div>\n\n\n\n<h2 class=\"wp-block-heading has-contrast-color has-contrast-3-background-color has-text-color has-background has-small-font-size\">DISE\u00d1O CURRICULAR DE LA CARRERA<\/h2>\n\n\n\n<div class=\"wp-block-file\"><object class=\"wp-block-file__embed\" data=\"https:\/\/isfd72-bue.infd.edu.ar\/sitio\/wp-content\/uploads\/2023\/01\/Primaria-1.pdf\" type=\"application\/pdf\" style=\"width:100%;height:600px\" aria-label=\"Incrustado de Primaria-1.\"><\/object><a id=\"wp-block-file--media-fb40e628-dd8d-4938-b53b-25dfa5db7b9f\" href=\"https:\/\/isfd72-bue.infd.edu.ar\/sitio\/wp-content\/uploads\/2023\/01\/Primaria-1.pdf\">Primaria-1<\/a><a href=\"https:\/\/isfd72-bue.infd.edu.ar\/sitio\/wp-content\/uploads\/2023\/01\/Primaria-1.pdf\" class=\"wp-block-file__button wp-element-button\" download aria-describedby=\"wp-block-file--media-fb40e628-dd8d-4938-b53b-25dfa5db7b9f\">Descarga<\/a><\/div>\n","protected":false},"excerpt":{"rendered":"<p>Este profesorado constituye nuestra carrera de base y abre su inscripci\u00f3n todos los a\u00f1os. En 2025 el Profesorado de Educaci\u00f3n Primaria cumplir\u00e1 40 a\u00f1os dict\u00e1ndose en nuestro Instituto. PLAN DE ESTUDIOS CON R\u00c9GIMEN DE CORRELATIVIDADES: DISE\u00d1O CURRICULAR DE LA CARRERA<\/p>\n","protected":false},"author":802,"featured_media":0,"parent":989,"menu_order":1,"comment_status":"closed","ping_status":"closed","template":"","meta":[],"acf":[],"_links":{"self":[{"href":"https:\/\/isfd72-bue.infd.edu.ar\/sitio\/wp-json\/wp\/v2\/pages\/1150"}],"collection":[{"href":"https:\/\/isfd72-bue.infd.edu.ar\/sitio\/wp-json\/wp\/v2\/pages"}],"about":[{"href":"https:\/\/isfd72-bue.infd.edu.ar\/sitio\/wp-json\/wp\/v2\/types\/page"}],"author":[{"embeddable":true,"href":"https:\/\/isfd72-bue.infd.edu.ar\/sitio\/wp-json\/wp\/v2\/users\/802"}],"replies":[{"embeddable":true,"href":"https:\/\/isfd72-bue.infd.edu.ar\/sitio\/wp-json\/wp\/v2\/comments?post=1150"}],"version-history":[{"count":8,"href":"https:\/\/isfd72-bue.infd.edu.ar\/sitio\/wp-json\/wp\/v2\/pages\/1150\/revisions"}],"predecessor-version":[{"id":1372,"href":"https:\/\/isfd72-bue.infd.edu.ar\/sitio\/wp-json\/wp\/v2\/pages\/1150\/revisions\/1372"}],"up":[{"embeddable":true,"href":"https:\/\/isfd72-bue.infd.edu.ar\/sitio\/wp-json\/wp\/v2\/pages\/989"}],"wp:attachment":[{"href":"https:\/\/isfd72-bue.infd.edu.ar\/sitio\/wp-json\/wp\/v2\/media?parent=1150"}],"curies":[{"name":"wp","href":"https:\/\/api.w.org\/{rel}","templated":true}]}}