{"id":1140,"date":"2023-01-27T00:28:43","date_gmt":"2023-01-27T03:28:43","guid":{"rendered":"https:\/\/isfd72-bue.infd.edu.ar\/sitio\/?page_id=1140"},"modified":"2025-04-03T22:21:49","modified_gmt":"2025-04-04T01:21:49","slug":"documentos-importantes","status":"publish","type":"page","link":"https:\/\/isfd72-bue.infd.edu.ar\/sitio\/docentes\/documentos-importantes\/","title":{"rendered":"Documentos importantes"},"content":{"rendered":"\n<p class=\"has-base-3-color has-accent-background-color has-text-color has-background has-medium-font-size\"><strong>Para conocer mejor el marco normativo del nivel superior, es conveniente que tengas en cuenta los siguientes documentos:<\/strong><\/p>\n\n\n\n<h2 class=\"wp-block-heading has-contrast-3-background-color has-background has-small-font-size\">R\u00c9GIMEN ACAD\u00c9MICO DEL NIVEL SUPERIOR:<\/h2>\n\n\n\n<div class=\"wp-block-file\"><object class=\"wp-block-file__embed\" data=\"https:\/\/isfd72-bue.infd.edu.ar\/sitio\/wp-content\/uploads\/2025\/04\/Regimen-Academico-Nivel-Superior-R.4196_24-2.pdf\" type=\"application\/pdf\" style=\"width:100%;height:600px\" aria-label=\"Incrustado de Regimen-Academico-Nivel-Superior-R.4196_24-2.\"><\/object><a id=\"wp-block-file--media-bf9a5e2b-e572-4495-896d-5d44729e58c6\" href=\"https:\/\/isfd72-bue.infd.edu.ar\/sitio\/wp-content\/uploads\/2025\/04\/Regimen-Academico-Nivel-Superior-R.4196_24-2.pdf\">Regimen-Academico-Nivel-Superior-R.4196_24-2<\/a><a href=\"https:\/\/isfd72-bue.infd.edu.ar\/sitio\/wp-content\/uploads\/2025\/04\/Regimen-Academico-Nivel-Superior-R.4196_24-2.pdf\" class=\"wp-block-file__button wp-element-button\" download aria-describedby=\"wp-block-file--media-bf9a5e2b-e572-4495-896d-5d44729e58c6\">Descarga<\/a><\/div>\n\n\n\n<h2 class=\"wp-block-heading has-contrast-color has-contrast-3-background-color has-text-color has-background has-small-font-size\">RESOLUCI\u00d3N CONSEJO ACAD\u00c9MICO INSTITUCIONAL<\/h2>\n\n\n\n<div class=\"wp-block-file\"><object class=\"wp-block-file__embed\" data=\"https:\/\/isfd72-bue.infd.edu.ar\/sitio\/wp-content\/uploads\/2023\/01\/Resolucion-C.A.I-1.pdf\" type=\"application\/pdf\" style=\"width:100%;height:600px\" aria-label=\"Incrustado de Resolucion-C.A.I-1.\"><\/object><a id=\"wp-block-file--media-13f5b4d3-378d-4761-ad94-3548d8b51785\" href=\"https:\/\/isfd72-bue.infd.edu.ar\/sitio\/wp-content\/uploads\/2023\/01\/Resolucion-C.A.I-1.pdf\">Resolucion-C.A.I-1<\/a><a href=\"https:\/\/isfd72-bue.infd.edu.ar\/sitio\/wp-content\/uploads\/2023\/01\/Resolucion-C.A.I-1.pdf\" class=\"wp-block-file__button wp-element-button\" download aria-describedby=\"wp-block-file--media-13f5b4d3-378d-4761-ad94-3548d8b51785\">Descarga<\/a><\/div>\n\n\n\n<p><\/p>\n\n\n\n<h2 class=\"wp-block-heading has-contrast-color has-contrast-3-background-color has-text-color has-background has-small-font-size\">ESTATUTO DEL DOCENTE<\/h2>\n\n\n\n<div class=\"wp-block-file\"><object class=\"wp-block-file__embed\" data=\"https:\/\/isfd72-bue.infd.edu.ar\/sitio\/wp-content\/uploads\/2023\/01\/Estatuto-del-Docente.pdf\" type=\"application\/pdf\" style=\"width:100%;height:600px\" aria-label=\"Incrustado de Estatuto-del-Docente.\"><\/object><a id=\"wp-block-file--media-795a9e46-e992-4426-a9f3-4e39ab88a6fe\" href=\"https:\/\/isfd72-bue.infd.edu.ar\/sitio\/wp-content\/uploads\/2023\/01\/Estatuto-del-Docente.pdf\">Estatuto-del-Docente<\/a><a href=\"https:\/\/isfd72-bue.infd.edu.ar\/sitio\/wp-content\/uploads\/2023\/01\/Estatuto-del-Docente.pdf\" class=\"wp-block-file__button wp-element-button\" download aria-describedby=\"wp-block-file--media-795a9e46-e992-4426-a9f3-4e39ab88a6fe\">Descarga<\/a><\/div>\n\n\n\n<h2 class=\"wp-block-heading has-contrast-color has-contrast-3-background-color has-text-color has-background has-small-font-size\">SALIDAS EDUCATIVAS<\/h2>\n\n\n\n<div class=\"wp-block-file\"><object class=\"wp-block-file__embed\" data=\"https:\/\/isfd72-bue.infd.edu.ar\/sitio\/wp-content\/uploads\/2024\/10\/RSC-2024-35942004-GDEBA-DGCYE.pdf\" type=\"application\/pdf\" style=\"width:100%;height:600px\" aria-label=\"Incrustado de RSC-2024-35942004-GDEBA-DGCYE.\"><\/object><a id=\"wp-block-file--media-96db0ab2-8853-443a-b336-c3b5e31306b2\" href=\"https:\/\/isfd72-bue.infd.edu.ar\/sitio\/wp-content\/uploads\/2024\/10\/RSC-2024-35942004-GDEBA-DGCYE.pdf\">RSC-2024-35942004-GDEBA-DGCYE<\/a><a href=\"https:\/\/isfd72-bue.infd.edu.ar\/sitio\/wp-content\/uploads\/2024\/10\/RSC-2024-35942004-GDEBA-DGCYE.pdf\" class=\"wp-block-file__button wp-element-button\" download aria-describedby=\"wp-block-file--media-96db0ab2-8853-443a-b336-c3b5e31306b2\">Descarga<\/a><\/div>\n\n\n\n<h2 class=\"wp-block-heading has-contrast-color has-contrast-3-background-color has-text-color has-background has-small-font-size\">REGLAMENTO GENERAL DE INSTITUCIONES EDUCATIVAS<\/h2>\n\n\n\n<div class=\"wp-block-file\"><object class=\"wp-block-file__embed\" data=\"https:\/\/isfd72-bue.infd.edu.ar\/sitio\/wp-content\/uploads\/2023\/01\/Reglamento-General-de-Instituciones-Educativas.pdf\" type=\"application\/pdf\" style=\"width:100%;height:600px\" aria-label=\"Incrustado de Reglamento-General-de-Instituciones-Educativas.\"><\/object><a id=\"wp-block-file--media-1cebdd59-bcb1-477c-a65f-d6d661c3b0b8\" href=\"https:\/\/isfd72-bue.infd.edu.ar\/sitio\/wp-content\/uploads\/2023\/01\/Reglamento-General-de-Instituciones-Educativas.pdf\">Reglamento-General-de-Instituciones-Educativas<\/a><a href=\"https:\/\/isfd72-bue.infd.edu.ar\/sitio\/wp-content\/uploads\/2023\/01\/Reglamento-General-de-Instituciones-Educativas.pdf\" class=\"wp-block-file__button wp-element-button\" download aria-describedby=\"wp-block-file--media-1cebdd59-bcb1-477c-a65f-d6d661c3b0b8\">Descarga<\/a><\/div>\n","protected":false},"excerpt":{"rendered":"<p>Para conocer mejor el marco normativo del nivel superior, es conveniente que tengas en cuenta los siguientes documentos: R\u00c9GIMEN ACAD\u00c9MICO DEL NIVEL SUPERIOR: RESOLUCI\u00d3N CONSEJO ACAD\u00c9MICO INSTITUCIONAL ESTATUTO DEL DOCENTE SALIDAS EDUCATIVAS REGLAMENTO GENERAL DE INSTITUCIONES EDUCATIVAS<\/p>\n","protected":false},"author":802,"featured_media":0,"parent":987,"menu_order":2,"comment_status":"closed","ping_status":"closed","template":"","meta":[],"acf":[],"_links":{"self":[{"href":"https:\/\/isfd72-bue.infd.edu.ar\/sitio\/wp-json\/wp\/v2\/pages\/1140"}],"collection":[{"href":"https:\/\/isfd72-bue.infd.edu.ar\/sitio\/wp-json\/wp\/v2\/pages"}],"about":[{"href":"https:\/\/isfd72-bue.infd.edu.ar\/sitio\/wp-json\/wp\/v2\/types\/page"}],"author":[{"embeddable":true,"href":"https:\/\/isfd72-bue.infd.edu.ar\/sitio\/wp-json\/wp\/v2\/users\/802"}],"replies":[{"embeddable":true,"href":"https:\/\/isfd72-bue.infd.edu.ar\/sitio\/wp-json\/wp\/v2\/comments?post=1140"}],"version-history":[{"count":5,"href":"https:\/\/isfd72-bue.infd.edu.ar\/sitio\/wp-json\/wp\/v2\/pages\/1140\/revisions"}],"predecessor-version":[{"id":1340,"href":"https:\/\/isfd72-bue.infd.edu.ar\/sitio\/wp-json\/wp\/v2\/pages\/1140\/revisions\/1340"}],"up":[{"embeddable":true,"href":"https:\/\/isfd72-bue.infd.edu.ar\/sitio\/wp-json\/wp\/v2\/pages\/987"}],"wp:attachment":[{"href":"https:\/\/isfd72-bue.infd.edu.ar\/sitio\/wp-json\/wp\/v2\/media?parent=1140"}],"curies":[{"name":"wp","href":"https:\/\/api.w.org\/{rel}","templated":true}]}}