{"id":1133,"date":"2023-01-26T23:14:20","date_gmt":"2023-01-27T02:14:20","guid":{"rendered":"https:\/\/isfd72-bue.infd.edu.ar\/sitio\/?page_id=1133"},"modified":"2025-04-04T20:16:18","modified_gmt":"2025-04-04T23:16:18","slug":"concursos","status":"publish","type":"page","link":"https:\/\/isfd72-bue.infd.edu.ar\/sitio\/docentes\/concursos\/","title":{"rendered":"Concursos"},"content":{"rendered":"\n<p class=\"has-base-3-color has-accent-background-color has-text-color has-background has-medium-font-size\"><strong>Para cubrir provisionalidades -o suplencias mayores a cuatro meses de duraci\u00f3n- es necesario que te presentes en un concurso de aspirantes. <\/strong><\/p>\n\n\n\n<p><\/p>\n\n\n\n<blockquote class=\"wp-block-quote\">\n<p class=\"has-base-3-color has-contrast-2-background-color has-text-color has-background\"><em>Para esto, realizar\u00e1s un proyecto y adjuntar\u00e1s tu legajo en el marco de las fechas anunciadas oportunamente<\/em> por el equipo directivo.<\/p>\n<cite>Cada uno de los momentos que constituyen el concurso est\u00e1n explicados en la <strong>resoluci\u00f3n 5886\/03<\/strong> (se adjunta a continuaci\u00f3n). Te basar\u00e1s en la misma para la confecci\u00f3n del legajo y el proyecto.<\/cite><\/blockquote>\n\n\n\n<div class=\"wp-block-file\"><object class=\"wp-block-file__embed\" data=\"https:\/\/isfd72-bue.infd.edu.ar\/sitio\/wp-content\/uploads\/2023\/01\/Resolucion-5886-03-Cobertura-de-Catedras.pdf\" type=\"application\/pdf\" style=\"width:100%;height:600px\" aria-label=\"Incrustado de Resolucion-5886-03-Cobertura-de-Catedras.\"><\/object><a id=\"wp-block-file--media-ba25f566-54b3-4405-92b3-75efeae7967d\" href=\"https:\/\/isfd72-bue.infd.edu.ar\/sitio\/wp-content\/uploads\/2023\/01\/Resolucion-5886-03-Cobertura-de-Catedras.pdf\">Resolucion-5886-03-Cobertura-de-Catedras<\/a><a href=\"https:\/\/isfd72-bue.infd.edu.ar\/sitio\/wp-content\/uploads\/2023\/01\/Resolucion-5886-03-Cobertura-de-Catedras.pdf\" class=\"wp-block-file__button wp-element-button\" download aria-describedby=\"wp-block-file--media-ba25f566-54b3-4405-92b3-75efeae7967d\">Descarga<\/a><\/div>\n\n\n\n<p><\/p>\n\n\n\n<h2 class=\"wp-block-heading has-base-3-color has-accent-background-color has-text-color has-background has-medium-font-size\" style=\"font-style:italic;font-weight:700\">\u00bfC\u00d3MO PRESENTO EL PROYECTO Y EL LEGAJO? <\/h2>\n\n\n\n<ul>\n<li><strong>El legajo a presentar es uno, sin importar la cantidad de materias a las cu\u00e1les aspires. El mismo se enviar\u00e1 de manera digital al correo oficial de la instituci\u00f3n (isfdyt72glamadrid@abc.gob.ar), en la cual presentar\u00e1s toda la documentaci\u00f3n debidamente foliada<\/strong>.<strong> Adem\u00e1s,<\/strong> <strong>el legajo debe cumplir las siguientes condiciones:<\/strong>\n<ol>\n<li>Una portada que incluya los siguientes datos: nombre y apellido, DNI, domicilio, tel\u00e9fono celular, correo electr\u00f3nico, nombre de la materia\/s, nombre de la carrera a la cual pertenece (se adjunta modelo al final)<\/li>\n\n\n\n<li>Fotocopia de DNI<\/li>\n\n\n\n<li>Anexo III de la Resoluci\u00f3n 5886\/03 (se adjunta abajo) completo con los datos requeridos, cruz\u00e1ndose con una l\u00ednea los campos no utilizados.<\/li>\n\n\n\n<li> Fotocopias de t\u00edtulos, cursos, capacitaciones, calificaciones docentes, certificados de antig\u00fcedad, anteriores concursos de oposici\u00f3n que respalden la informaci\u00f3n bridada en el anexo. Todas las fotocopias deber\u00e1n estar debidamente registradas como copias fieles de las originales por la autoridad competente.<\/li>\n\n\n\n<li>El anexo debe ser firmado por el\/la aspirante aclarando los folios que ha presentado, dej\u00e1ndose una copia de la declaraci\u00f3n jurada en papel en la instituci\u00f3n, como comprobante final de la entrega del legajo.<\/li>\n<\/ol>\n<\/li>\n<\/ul>\n\n\n\n<h2 class=\"wp-block-heading has-contrast-color has-contrast-3-background-color has-text-color has-background has-small-font-size\">ANEXO III DE LA RESOLUCI\u00d3N 5886\/03:<\/h2>\n\n\n\n<div class=\"wp-block-file\"><object class=\"wp-block-file__embed\" data=\"https:\/\/isfd72-bue.infd.edu.ar\/sitio\/wp-content\/uploads\/2023\/01\/ANEXO-III_Res5886-03.pdf\" type=\"application\/pdf\" style=\"width:100%;height:600px\" aria-label=\"Incrustado de ANEXO-III_Res5886-03.\"><\/object><a id=\"wp-block-file--media-4995b513-5bf5-4212-8a3e-fcebfa59f066\" href=\"https:\/\/isfd72-bue.infd.edu.ar\/sitio\/wp-content\/uploads\/2023\/01\/ANEXO-III_Res5886-03.pdf\">ANEXO-III_Res5886-03<\/a><a href=\"https:\/\/isfd72-bue.infd.edu.ar\/sitio\/wp-content\/uploads\/2023\/01\/ANEXO-III_Res5886-03.pdf\" class=\"wp-block-file__button wp-element-button\" download aria-describedby=\"wp-block-file--media-4995b513-5bf5-4212-8a3e-fcebfa59f066\">Descarga<\/a><\/div>\n\n\n\n<ul>\n<li><strong>Para cada materia a la cual aspires a cubrir, deber\u00e1s presentar un proyecto a ser enviado en el mismo correo que el legajo:<\/strong>\n<ol>\n<li>El proyecto <strong>no debe contener datos personales<\/strong> del postulante, para su evaluaci\u00f3n an\u00f3nima.<\/li>\n\n\n\n<li>Para confeccionar el proyecto te basar\u00e1s en la disposici\u00f3n N\u00b0 30\/05 que se adjunta a continuaci\u00f3n:<\/li>\n<\/ol>\n<\/li>\n<\/ul>\n\n\n\n<h2 class=\"wp-block-heading has-contrast-color has-contrast-3-background-color has-text-color has-background has-small-font-size\">DISPOSICI\u00d3N 30\/05<\/h2>\n\n\n\n<div class=\"wp-block-file\"><object class=\"wp-block-file__embed\" data=\"https:\/\/isfd72-bue.infd.edu.ar\/sitio\/wp-content\/uploads\/2023\/01\/Disposicion-30-05-Instructivo-confeccion-Proyectos-de-Catedra.pdf\" type=\"application\/pdf\" style=\"width:100%;height:600px\" aria-label=\"Incrustado de Disposicion-30-05-Instructivo-confeccion-Proyectos-de-Catedra.\"><\/object><a id=\"wp-block-file--media-f0c67d82-8002-4b73-9169-b352a2652fee\" href=\"https:\/\/isfd72-bue.infd.edu.ar\/sitio\/wp-content\/uploads\/2023\/01\/Disposicion-30-05-Instructivo-confeccion-Proyectos-de-Catedra.pdf\">Disposicion-30-05-Instructivo-confeccion-Proyectos-de-Catedra<\/a><a href=\"https:\/\/isfd72-bue.infd.edu.ar\/sitio\/wp-content\/uploads\/2023\/01\/Disposicion-30-05-Instructivo-confeccion-Proyectos-de-Catedra.pdf\" class=\"wp-block-file__button wp-element-button\" download aria-describedby=\"wp-block-file--media-f0c67d82-8002-4b73-9169-b352a2652fee\">Descarga<\/a><\/div>\n\n\n\n<h2 class=\"wp-block-heading has-contrast-color has-contrast-3-background-color has-text-color has-background has-small-font-size\">MODELO DE PORTADA PARA LEGAJO Y PROYECTO\/S:<\/h2>\n\n\n\n<div class=\"wp-block-file\"><a id=\"wp-block-file--media-d0f3eb7e-f897-4bb2-9e16-29b00b48d965\" href=\"https:\/\/isfd72-bue.infd.edu.ar\/sitio\/wp-content\/uploads\/2023\/01\/Caratula-para-entrega-de-Legajos..doc\">Caratula-para-entrega-de-Legajos.<\/a><a href=\"https:\/\/isfd72-bue.infd.edu.ar\/sitio\/wp-content\/uploads\/2023\/01\/Caratula-para-entrega-de-Legajos..doc\" class=\"wp-block-file__button wp-element-button\" download aria-describedby=\"wp-block-file--media-d0f3eb7e-f897-4bb2-9e16-29b00b48d965\">Descarga<\/a><\/div>\n\n\n\n<pre class=\"wp-block-preformatted\"><strong>La comisi\u00f3n evaluar\u00e1 el proyecto bajo los siguientes criterios, por lo cual puede ser importante tenerlos presentes:<\/strong><\/pre>\n\n\n\n<div class=\"wp-block-file\"><object class=\"wp-block-file__embed\" data=\"https:\/\/isfd72-bue.infd.edu.ar\/sitio\/wp-content\/uploads\/2025\/04\/Valoracion-de-la-comision-evaluadora-adaptacion-ANEXO-II-Res.-5886_03.pdf\" type=\"application\/pdf\" style=\"width:100%;height:600px\" aria-label=\"Incrustado de Valoracion-de-la-comision-evaluadora-adaptacion-ANEXO-II-Res.-5886_03.\"><\/object><a id=\"wp-block-file--media-09bf5c83-9692-4cd6-af79-cfc26ee20ca1\" href=\"https:\/\/isfd72-bue.infd.edu.ar\/sitio\/wp-content\/uploads\/2025\/04\/Valoracion-de-la-comision-evaluadora-adaptacion-ANEXO-II-Res.-5886_03.pdf\">Valoracion-de-la-comision-evaluadora-adaptacion-ANEXO-II-Res.-5886_03<\/a><a href=\"https:\/\/isfd72-bue.infd.edu.ar\/sitio\/wp-content\/uploads\/2025\/04\/Valoracion-de-la-comision-evaluadora-adaptacion-ANEXO-II-Res.-5886_03.pdf\" class=\"wp-block-file__button wp-element-button\" download aria-describedby=\"wp-block-file--media-09bf5c83-9692-4cd6-af79-cfc26ee20ca1\">Descarga<\/a><\/div>\n","protected":false},"excerpt":{"rendered":"<p>Para cubrir provisionalidades -o suplencias mayores a cuatro meses de duraci\u00f3n- es necesario que te presentes en un concurso de aspirantes. Para esto, realizar\u00e1s un proyecto y adjuntar\u00e1s tu legajo en el marco de las fechas anunciadas oportunamente por el equipo directivo. Cada uno de los momentos que constituyen el concurso est\u00e1n explicados en la &#8230; <a title=\"Concursos\" class=\"read-more\" href=\"https:\/\/isfd72-bue.infd.edu.ar\/sitio\/docentes\/concursos\/\" aria-label=\"More on Concursos\">[+]<\/a><\/p>\n","protected":false},"author":802,"featured_media":0,"parent":987,"menu_order":1,"comment_status":"closed","ping_status":"closed","template":"","meta":[],"acf":[],"_links":{"self":[{"href":"https:\/\/isfd72-bue.infd.edu.ar\/sitio\/wp-json\/wp\/v2\/pages\/1133"}],"collection":[{"href":"https:\/\/isfd72-bue.infd.edu.ar\/sitio\/wp-json\/wp\/v2\/pages"}],"about":[{"href":"https:\/\/isfd72-bue.infd.edu.ar\/sitio\/wp-json\/wp\/v2\/types\/page"}],"author":[{"embeddable":true,"href":"https:\/\/isfd72-bue.infd.edu.ar\/sitio\/wp-json\/wp\/v2\/users\/802"}],"replies":[{"embeddable":true,"href":"https:\/\/isfd72-bue.infd.edu.ar\/sitio\/wp-json\/wp\/v2\/comments?post=1133"}],"version-history":[{"count":9,"href":"https:\/\/isfd72-bue.infd.edu.ar\/sitio\/wp-json\/wp\/v2\/pages\/1133\/revisions"}],"predecessor-version":[{"id":1360,"href":"https:\/\/isfd72-bue.infd.edu.ar\/sitio\/wp-json\/wp\/v2\/pages\/1133\/revisions\/1360"}],"up":[{"embeddable":true,"href":"https:\/\/isfd72-bue.infd.edu.ar\/sitio\/wp-json\/wp\/v2\/pages\/987"}],"wp:attachment":[{"href":"https:\/\/isfd72-bue.infd.edu.ar\/sitio\/wp-json\/wp\/v2\/media?parent=1133"}],"curies":[{"name":"wp","href":"https:\/\/api.w.org\/{rel}","templated":true}]}}