{"id":1090,"date":"2023-01-18T15:37:35","date_gmt":"2023-01-18T18:37:35","guid":{"rendered":"https:\/\/isfd72-bue.infd.edu.ar\/sitio\/?page_id=1090"},"modified":"2026-03-31T22:16:52","modified_gmt":"2026-04-01T01:16:52","slug":"inscripcion","status":"publish","type":"page","link":"https:\/\/isfd72-bue.infd.edu.ar\/sitio\/ingresantes\/inscripcion\/","title":{"rendered":"Inscripci\u00f3n 2026"},"content":{"rendered":"\n<p class=\"has-base-3-color has-accent-background-color has-text-color has-background has-medium-font-size\"><strong>Para inscribirte en nuestras carreras es necesario realizar las siguientes acciones.<\/strong><\/p>\n\n\n\n<ul>\n<li><strong>Durantel periodo de inscripici\u00f3n<\/strong> <strong>deber\u00e1s traer al Instituto<\/strong> <strong>tu legajo, es decir,<\/strong> <strong>un folio tama\u00f1o oficio (nuevo) que contenga la siguiente documentaci\u00f3n:<\/strong><\/li>\n<\/ul>\n\n\n\n<ol>\n<li>Planilla de inscripci\u00f3n completa con todos los datos que la misma requiere <strong>(se adjunta abajo)<\/strong>.<\/li>\n\n\n\n<li>Fotocopia autenticada del t\u00edtulo secundario del aspirante o, en su defecto, certificado de t\u00edtulo en tr\u00e1mite.<\/li>\n\n\n\n<li>Fotocopia del DNI.<\/li>\n\n\n\n<li>Planilla de autorizaci\u00f3n de Imagen <strong>(se adjunta abajo)<\/strong><\/li>\n\n\n\n<li>Planilla general de salida educativa <strong>(se adjunta abajo)<\/strong><\/li>\n\n\n\n<li>Dos fotos tama\u00f1o 4&#215;4 (carnet).<\/li>\n<\/ol>\n\n\n\n<blockquote class=\"wp-block-quote has-contrast-color has-base-background-color has-text-color has-background\" style=\"font-size:16px;font-style:normal;font-weight:700\">\n<p>Importante:<\/p>\n<cite>No se aceptan legajos incompletos. Toda la documentaci\u00f3n debe estar presente al momento de la inscripci\u00f3n.<\/cite><\/blockquote>\n\n\n\n<div class=\"wp-block-file\"><object class=\"wp-block-file__embed\" data=\"https:\/\/isfd72-bue.infd.edu.ar\/sitio\/wp-content\/uploads\/2025\/04\/Planilla-de-inscripcion-Nivel-Superior.pdf\" type=\"application\/pdf\" style=\"width:100%;height:600px\" aria-label=\"Incrustado de Planilla-de-inscripcion-Nivel-Superior.\"><\/object><a id=\"wp-block-file--media-9f293b77-9b8f-46e2-9832-d65a89eb9116\" href=\"https:\/\/isfd72-bue.infd.edu.ar\/sitio\/wp-content\/uploads\/2025\/04\/Planilla-de-inscripcion-Nivel-Superior.pdf\">Planilla-de-inscripcion-Nivel-Superior<\/a><a href=\"https:\/\/isfd72-bue.infd.edu.ar\/sitio\/wp-content\/uploads\/2025\/04\/Planilla-de-inscripcion-Nivel-Superior.pdf\" class=\"wp-block-file__button wp-element-button\" download aria-describedby=\"wp-block-file--media-9f293b77-9b8f-46e2-9832-d65a89eb9116\">Descarga<\/a><\/div>\n\n\n\n<div class=\"wp-block-file\"><object class=\"wp-block-file__embed\" data=\"https:\/\/isfd72-bue.infd.edu.ar\/sitio\/wp-content\/uploads\/2025\/04\/Autorizacion-de-uso-de-imagen-mayores-de-18-anos-1.pdf\" type=\"application\/pdf\" style=\"width:100%;height:600px\" aria-label=\"Incrustado de Autorizacion-de-uso-de-imagen-mayores-de-18-anos-1.\"><\/object><a id=\"wp-block-file--media-229d77bc-c836-4412-8893-6487785efc33\" href=\"https:\/\/isfd72-bue.infd.edu.ar\/sitio\/wp-content\/uploads\/2025\/04\/Autorizacion-de-uso-de-imagen-mayores-de-18-anos-1.pdf\">Autorizacion-de-uso-de-imagen-mayores-de-18-anos-1<\/a><a href=\"https:\/\/isfd72-bue.infd.edu.ar\/sitio\/wp-content\/uploads\/2025\/04\/Autorizacion-de-uso-de-imagen-mayores-de-18-anos-1.pdf\" class=\"wp-block-file__button wp-element-button\" download aria-describedby=\"wp-block-file--media-229d77bc-c836-4412-8893-6487785efc33\">Descarga<\/a><\/div>\n\n\n\n<div class=\"wp-block-file\"><object class=\"wp-block-file__embed\" data=\"https:\/\/isfd72-bue.infd.edu.ar\/sitio\/wp-content\/uploads\/2025\/04\/Declaracion-jurada-general-para-salidas-educativas-1.pdf\" type=\"application\/pdf\" style=\"width:100%;height:600px\" aria-label=\"Incrustado de Declaracion-jurada-general-para-salidas-educativas-1.\"><\/object><a id=\"wp-block-file--media-cba63da9-28ea-4d19-b0e4-f505520d3cb5\" href=\"https:\/\/isfd72-bue.infd.edu.ar\/sitio\/wp-content\/uploads\/2025\/04\/Declaracion-jurada-general-para-salidas-educativas-1.pdf\">Declaracion-jurada-general-para-salidas-educativas-1<\/a><a href=\"https:\/\/isfd72-bue.infd.edu.ar\/sitio\/wp-content\/uploads\/2025\/04\/Declaracion-jurada-general-para-salidas-educativas-1.pdf\" class=\"wp-block-file__button wp-element-button\" download aria-describedby=\"wp-block-file--media-cba63da9-28ea-4d19-b0e4-f505520d3cb5\">Descarga<\/a><\/div>\n","protected":false},"excerpt":{"rendered":"<p>Para inscribirte en nuestras carreras es necesario realizar las siguientes acciones. Importante: No se aceptan legajos incompletos. Toda la documentaci\u00f3n debe estar presente al momento de la inscripci\u00f3n.<\/p>\n","protected":false},"author":802,"featured_media":0,"parent":997,"menu_order":1,"comment_status":"closed","ping_status":"closed","template":"","meta":[],"acf":[],"_links":{"self":[{"href":"https:\/\/isfd72-bue.infd.edu.ar\/sitio\/wp-json\/wp\/v2\/pages\/1090"}],"collection":[{"href":"https:\/\/isfd72-bue.infd.edu.ar\/sitio\/wp-json\/wp\/v2\/pages"}],"about":[{"href":"https:\/\/isfd72-bue.infd.edu.ar\/sitio\/wp-json\/wp\/v2\/types\/page"}],"author":[{"embeddable":true,"href":"https:\/\/isfd72-bue.infd.edu.ar\/sitio\/wp-json\/wp\/v2\/users\/802"}],"replies":[{"embeddable":true,"href":"https:\/\/isfd72-bue.infd.edu.ar\/sitio\/wp-json\/wp\/v2\/comments?post=1090"}],"version-history":[{"count":11,"href":"https:\/\/isfd72-bue.infd.edu.ar\/sitio\/wp-json\/wp\/v2\/pages\/1090\/revisions"}],"predecessor-version":[{"id":1395,"href":"https:\/\/isfd72-bue.infd.edu.ar\/sitio\/wp-json\/wp\/v2\/pages\/1090\/revisions\/1395"}],"up":[{"embeddable":true,"href":"https:\/\/isfd72-bue.infd.edu.ar\/sitio\/wp-json\/wp\/v2\/pages\/997"}],"wp:attachment":[{"href":"https:\/\/isfd72-bue.infd.edu.ar\/sitio\/wp-json\/wp\/v2\/media?parent=1090"}],"curies":[{"name":"wp","href":"https:\/\/api.w.org\/{rel}","templated":true}]}}