{"id":1014,"date":"2022-12-05T15:54:57","date_gmt":"2022-12-05T18:54:57","guid":{"rendered":"https:\/\/isfd72-bue.infd.edu.ar\/sitio\/?page_id=1014"},"modified":"2025-04-07T22:00:02","modified_gmt":"2025-04-08T01:00:02","slug":"equivalencias","status":"publish","type":"page","link":"https:\/\/isfd72-bue.infd.edu.ar\/sitio\/personal\/equivalencias\/","title":{"rendered":"Equivalencias"},"content":{"rendered":"\n<p class=\"has-text-align-left has-base-3-color has-accent-background-color has-text-color has-background has-medium-font-size\"><strong>Para solicitar equivalencias deber\u00e1s tener en cuenta las siguientes indicaciones, basadas en el Nuevo R\u00e9gimen Acad\u00e9mico del nivel Superior:<\/strong><\/p>\n\n\n\n<pre class=\"wp-block-preformatted\"><strong>Las equivalencias se solicitan en el per\u00edodo informado por secretar\u00eda, correspondiente a lo estipulado en el R\u00e9gimen Acad\u00e9mico Institucional<\/strong>:<\/pre>\n\n\n\n<blockquote class=\"wp-block-quote\">\n<blockquote class=\"wp-block-quote\">\n<p>Existen dos tipos de solicitud de equivalencias:<\/p>\n<\/blockquote>\n<cite><strong>1. Solicitud de<\/strong> <strong>Equivalencia autom\u00e1tica:<\/strong><\/cite><\/blockquote>\n\n\n\n<p>Se otorgar\u00e1 equivalencia autom\u00e1tica cuando se trate de unidades curriculares  con la misma denominaci\u00f3n y contenidos en los planes de estudios de la carrera vigente en la jurisdicci\u00f3n. Para solicitar la misma es necesario seguir las siguientes pautas:<\/p>\n\n\n\n<ul>\n<li>Solicitar, mediante <em><strong>planilla de solicitud de equivalencia autom\u00e1tica<\/strong><\/em> <strong>(se adjunta abajo)<\/strong>, en la secretar\u00eda del instituto, antes del 30 de abril de cada a\u00f1o el reconocimiento de esta equivalencia.<\/li>\n\n\n\n<li>Acompa\u00f1ar la solicitud del anal\u00edtico de estudios realizados en donde se comprenda la materia aprobada.<\/li>\n\n\n\n<li>Cursar la unidad curricular a solicitar como equivalente hasta tanto se le confirme la aprobaci\u00f3n de la solicitud.<\/li>\n<\/ul>\n\n\n\n<blockquote class=\"wp-block-quote\">\n<p><strong>2. Solitud de equivalencia total o parcial<\/strong>:<\/p>\n<\/blockquote>\n\n\n\n<p>En este caso se ponderan los saberes acreditados en carreras del nivel superior reconocidas y deben seguirse las siguientes pautas:<\/p>\n\n\n\n<ul>\n<li>Solicitar, mediante <strong>planilla de solicitud de equivalencia por asignatura<\/strong> <strong>(se adjunta abajo)<\/strong>, en la secretar\u00eda del instituto, antes del 30 de abril de cada a\u00f1o el reconocimiento de la equivalencia.<\/li>\n\n\n\n<li>Acompa\u00f1ar la solicitud con el certificado anal\u00edtico y los programas que correspondan, en los que consten carga horaria, contenidos y bibliograf\u00eda.<\/li>\n\n\n\n<li>La documentaci\u00f3n <strong>(tanto anal\u00edticos como los programas)<\/strong> deber\u00e1 estar certificada con firma y sello de la autoridad emisora.<\/li>\n\n\n\n<li>Cursar la unidad curricular hasta tanto se le confirme la aprobaci\u00f3n o no de la solicitud.<\/li>\n<\/ul>\n\n\n\n<p>El resultado de la solicitud puede variar entre las siguientes tres posibilidades: <strong>equivalencia total, parcial o denegada<\/strong>. En todos los casos el\/la docente deber\u00e1 justificar claramente la decisi\u00f3n que se haya tomado. Si la equivalencia es <strong>parcial<\/strong> deber\u00e1 indicarse los pasos a seguir por la\/el estudiante, en el marco de un trayecto de acreditaci\u00f3n, para la aprobaci\u00f3n de los contenidos no tomados como equivalentes. Este proceso no puede exceder el l\u00edmite del final del ciclo lectivo.<\/p>\n\n\n\n<pre class=\"wp-block-preformatted\"><strong>Pod\u00e9s descargar las planillas que correspondan a tu solicitud aqu\u00ed:<\/strong><\/pre>\n\n\n\n<div class=\"wp-block-file\"><object class=\"wp-block-file__embed\" data=\"https:\/\/isfd72-bue.infd.edu.ar\/sitio\/wp-content\/uploads\/2025\/04\/Planilla-de-Equivalencias-Automaticas.pdf\" type=\"application\/pdf\" style=\"width:100%;height:600px\" aria-label=\"Incrustado de Planilla-de-Equivalencias-Automaticas.\"><\/object><a id=\"wp-block-file--media-c80ed88a-f18f-4272-9c99-3b3535d6ead1\" href=\"https:\/\/isfd72-bue.infd.edu.ar\/sitio\/wp-content\/uploads\/2025\/04\/Planilla-de-Equivalencias-Automaticas.pdf\">Planilla-de-Equivalencias-Automaticas<\/a><a href=\"https:\/\/isfd72-bue.infd.edu.ar\/sitio\/wp-content\/uploads\/2025\/04\/Planilla-de-Equivalencias-Automaticas.pdf\" class=\"wp-block-file__button wp-element-button\" download aria-describedby=\"wp-block-file--media-c80ed88a-f18f-4272-9c99-3b3535d6ead1\">Descarga<\/a><\/div>\n\n\n\n<div class=\"wp-block-file\"><object class=\"wp-block-file__embed\" data=\"https:\/\/isfd72-bue.infd.edu.ar\/sitio\/wp-content\/uploads\/2025\/04\/Planilla-de-equivalencias-por-asignaturas-1.pdf\" type=\"application\/pdf\" style=\"width:100%;height:600px\" aria-label=\"Incrustado de Planilla-de-equivalencias-por-asignaturas-1.\"><\/object><a id=\"wp-block-file--media-75b3e15d-a35e-4e39-b78e-636e32bb1a10\" href=\"https:\/\/isfd72-bue.infd.edu.ar\/sitio\/wp-content\/uploads\/2025\/04\/Planilla-de-equivalencias-por-asignaturas-1.pdf\">Planilla-de-equivalencias-por-asignaturas-1<\/a><a href=\"https:\/\/isfd72-bue.infd.edu.ar\/sitio\/wp-content\/uploads\/2025\/04\/Planilla-de-equivalencias-por-asignaturas-1.pdf\" class=\"wp-block-file__button wp-element-button\" download aria-describedby=\"wp-block-file--media-75b3e15d-a35e-4e39-b78e-636e32bb1a10\">Descarga<\/a><\/div>\n","protected":false},"excerpt":{"rendered":"<p>Para solicitar equivalencias deber\u00e1s tener en cuenta las siguientes indicaciones, basadas en el Nuevo R\u00e9gimen Acad\u00e9mico del nivel Superior: Las equivalencias se solicitan en el per\u00edodo informado por secretar\u00eda, correspondiente a lo estipulado en el R\u00e9gimen Acad\u00e9mico Institucional: Se otorgar\u00e1 equivalencia autom\u00e1tica cuando se trate de unidades curriculares con la misma denominaci\u00f3n y contenidos en &#8230; <a title=\"Equivalencias\" class=\"read-more\" href=\"https:\/\/isfd72-bue.infd.edu.ar\/sitio\/personal\/equivalencias\/\" aria-label=\"More on Equivalencias\">[+]<\/a><\/p>\n","protected":false},"author":802,"featured_media":0,"parent":983,"menu_order":0,"comment_status":"closed","ping_status":"closed","template":"","meta":[],"acf":[],"_links":{"self":[{"href":"https:\/\/isfd72-bue.infd.edu.ar\/sitio\/wp-json\/wp\/v2\/pages\/1014"}],"collection":[{"href":"https:\/\/isfd72-bue.infd.edu.ar\/sitio\/wp-json\/wp\/v2\/pages"}],"about":[{"href":"https:\/\/isfd72-bue.infd.edu.ar\/sitio\/wp-json\/wp\/v2\/types\/page"}],"author":[{"embeddable":true,"href":"https:\/\/isfd72-bue.infd.edu.ar\/sitio\/wp-json\/wp\/v2\/users\/802"}],"replies":[{"embeddable":true,"href":"https:\/\/isfd72-bue.infd.edu.ar\/sitio\/wp-json\/wp\/v2\/comments?post=1014"}],"version-history":[{"count":9,"href":"https:\/\/isfd72-bue.infd.edu.ar\/sitio\/wp-json\/wp\/v2\/pages\/1014\/revisions"}],"predecessor-version":[{"id":1391,"href":"https:\/\/isfd72-bue.infd.edu.ar\/sitio\/wp-json\/wp\/v2\/pages\/1014\/revisions\/1391"}],"up":[{"embeddable":true,"href":"https:\/\/isfd72-bue.infd.edu.ar\/sitio\/wp-json\/wp\/v2\/pages\/983"}],"wp:attachment":[{"href":"https:\/\/isfd72-bue.infd.edu.ar\/sitio\/wp-json\/wp\/v2\/media?parent=1014"}],"curies":[{"name":"wp","href":"https:\/\/api.w.org\/{rel}","templated":true}]}}