{"id":1009,"date":"2022-12-05T15:33:13","date_gmt":"2022-12-05T18:33:13","guid":{"rendered":"https:\/\/isfd72-bue.infd.edu.ar\/sitio\/?page_id=1009"},"modified":"2025-04-04T20:45:34","modified_gmt":"2025-04-04T23:45:34","slug":"contacto","status":"publish","type":"page","link":"https:\/\/isfd72-bue.infd.edu.ar\/sitio\/contacto\/","title":{"rendered":"Contacto"},"content":{"rendered":"\n<div class=\"wp-block-buttons is-layout-flex\"><\/div>\n\n\n\n<p class=\"has-base-3-color has-accent-background-color has-text-color has-background has-medium-font-size\"><strong>Pod\u00e9s contactarte con nosotros a trav\u00e9s de los siguientes<\/strong> <strong>medios:<\/strong><\/p>\n\n\n\n<h2 class=\"wp-block-heading has-contrast-color has-base-background-color has-text-color has-background has-small-font-size\">BUSC\u00c1NDONOS EN REDES SOCIALES:<\/h2>\n\n\n\n<div class=\"wp-block-buttons is-layout-flex\">\n<div class=\"wp-block-button is-style-fill\"><a class=\"wp-block-button__link has-base-3-color has-text-color has-background wp-element-button\" href=\"https:\/\/www.instagram.com\/instituto_manuelagoenaga\/\" style=\"background-color:#e1043b\" target=\"_blank\" rel=\"noreferrer noopener\">INSTAGRAM<\/a><\/div>\n<\/div>\n\n\n\n<div class=\"wp-block-buttons is-layout-flex\">\n<div class=\"wp-block-button is-style-fill\"><a class=\"wp-block-button__link has-base-3-color has-text-color has-background wp-element-button\" href=\"https:\/\/www.facebook.com\/isfd.grallamadrid\/\" style=\"background-color:#3b5998\" target=\"_blank\" rel=\"noreferrer noopener\">FACEBOOK<\/a><\/div>\n<\/div>\n\n\n\n<h2 class=\"wp-block-heading has-contrast-color has-base-background-color has-text-color has-background has-small-font-size\">ESCRIBIENDO A LOS SIGUIENTES CORREOS:<\/h2>\n\n\n\n<ul>\n<li>isfd72manuelagoenaga@yahoo.com.ar<\/li>\n\n\n\n<li>isfdyt72glamadrid@abc.gob.ar<\/li>\n<\/ul>\n\n\n\n<h2 class=\"wp-block-heading has-contrast-color has-base-background-color has-text-color has-background has-small-font-size\">LLAMANDO A NUESTRO TEL\u00c9FONO FIJO:<\/h2>\n\n\n\n<ul>\n<li>(2286) 471-295<\/li>\n<\/ul>\n\n\n\n<pre class=\"wp-block-preformatted\"><strong>Escribiendo a nuestro Whatsapp:<\/strong><\/pre>\n\n\n\n<ul>\n<li>(2284)723208<\/li>\n<\/ul>\n","protected":false},"excerpt":{"rendered":"<p>Pod\u00e9s contactarte con nosotros a trav\u00e9s de los siguientes medios: BUSC\u00c1NDONOS EN REDES SOCIALES: ESCRIBIENDO A LOS SIGUIENTES CORREOS: LLAMANDO A NUESTRO TEL\u00c9FONO FIJO: Escribiendo a nuestro Whatsapp:<\/p>\n","protected":false},"author":802,"featured_media":0,"parent":0,"menu_order":9,"comment_status":"closed","ping_status":"closed","template":"","meta":[],"acf":[],"_links":{"self":[{"href":"https:\/\/isfd72-bue.infd.edu.ar\/sitio\/wp-json\/wp\/v2\/pages\/1009"}],"collection":[{"href":"https:\/\/isfd72-bue.infd.edu.ar\/sitio\/wp-json\/wp\/v2\/pages"}],"about":[{"href":"https:\/\/isfd72-bue.infd.edu.ar\/sitio\/wp-json\/wp\/v2\/types\/page"}],"author":[{"embeddable":true,"href":"https:\/\/isfd72-bue.infd.edu.ar\/sitio\/wp-json\/wp\/v2\/users\/802"}],"replies":[{"embeddable":true,"href":"https:\/\/isfd72-bue.infd.edu.ar\/sitio\/wp-json\/wp\/v2\/comments?post=1009"}],"version-history":[{"count":7,"href":"https:\/\/isfd72-bue.infd.edu.ar\/sitio\/wp-json\/wp\/v2\/pages\/1009\/revisions"}],"predecessor-version":[{"id":1385,"href":"https:\/\/isfd72-bue.infd.edu.ar\/sitio\/wp-json\/wp\/v2\/pages\/1009\/revisions\/1385"}],"wp:attachment":[{"href":"https:\/\/isfd72-bue.infd.edu.ar\/sitio\/wp-json\/wp\/v2\/media?parent=1009"}],"curies":[{"name":"wp","href":"https:\/\/api.w.org\/{rel}","templated":true}]}}